{"id":415,"date":"2022-01-21T09:02:45","date_gmt":"2022-01-21T09:02:45","guid":{"rendered":"https:\/\/wuselkusen.de\/?page_id=415"},"modified":"2022-01-21T09:04:06","modified_gmt":"2022-01-21T09:04:06","slug":"behoerden-in-wuselkusen","status":"publish","type":"page","link":"https:\/\/wuselkusen.de\/?page_id=415","title":{"rendered":"Beh\u00f6rden in Wuselkusen"},"content":{"rendered":"<table style=\"width: 100%; border-collapse: collapse;\" border=\"0\">\n<tbody>\n<tr style=\"height: 30px;\" valign=\"middle\">\n<td colspan=\"4\"><strong><span style=\"font-size: small;\">Beh\u00f6rden in Wuselkusen<\/span><\/strong><\/td>\n<\/tr>\n<tr>\n<td colspan=\"4\">\n<div>\u00a0<\/div>\n<\/td>\n<\/tr>\n<tr>\n<td colspan=\"4\">\n<div>Eine Stadt wie Wuselkusen ben\u00f6tigt neben flei\u00dfigen Handwerkern und Unternehmen auch Beh\u00f6rden, die das Leben in einer Stadt wie Wuselkusen gestalten. Dies sind Hoheitliche Aufgaben, z.B. die Stadtentwicklung oder die Gestaltung von \u00f6ffentlichen Pl\u00e4tzen, Spielpl\u00e4tze, Kinderg\u00e4rten, Schulen, Sauberkeit, Feuerwehr, Rettungsdienste, Soziales, Kultur und vieles mehr. Sie sind also zust\u00e4ndige\u00a0f\u00fcr alles\u00a0was so in einer Stadt passiert, bzw, passieren k\u00f6nnte.<\/div>\n<div>\u00a0<\/div>\n<div>Hierzu z\u00e4hlen &#8230;<\/div>\n<div>\u00a0<\/div>\n<\/td>\n<\/tr>\n<\/tbody>\n<\/table>\n<table style=\"width: 100%; border-collapse: collapse;\" border=\"0\">\n<tbody>\n<tr style=\"height: 24px; background-color: #a6c3db;\" valign=\"middle\">\n<td style=\"background-image: url('none'); background-repeat: repeat; background-attachment: scroll; background-position: 0% 0%;\" colspan=\"3\" valign=\"middle\"><strong>Die Stadtverwaltung Wuselkusens<\/strong><\/td>\n<\/tr>\n<tr>\n<td colspan=\"3\">\u00a0<\/td>\n<\/tr>\n<tr style=\"height: 24px; background-color: #a6c3db;\" valign=\"middle\">\n<td style=\"background-image: url('none'); background-repeat: repeat; background-attachment: scroll; background-position: 0% 0%;\" colspan=\"3\" valign=\"middle\"><strong>&#8230; B\u00fcrgeramt<\/strong><\/td>\n<\/tr>\n<tr>\n<td colspan=\"3\">\u00a0<\/td>\n<\/tr>\n<tr style=\"height: 24px; background-color: #a6c3db;\" valign=\"middle\">\n<td style=\"background-image: url('none'); background-repeat: repeat; background-attachment: scroll; background-position: 0% 0%;\" colspan=\"3\" valign=\"middle\"><strong>&#8230; Gewerbeamt<\/strong><\/td>\n<\/tr>\n<tr>\n<td colspan=\"3\">\u00a0<\/td>\n<\/tr>\n<tr style=\"height: 24px; background-color: #a6c3db;\" valign=\"middle\">\n<td style=\"background-image: url('none'); background-repeat: repeat; background-attachment: scroll; background-position: 0% 0%;\" colspan=\"3\" valign=\"middle\"><strong>&#8230; Fundb\u00fcro<\/strong><\/td>\n<\/tr>\n<tr>\n<td colspan=\"3\">\u00a0<\/td>\n<\/tr>\n<tr style=\"height: 24px; background-color: #a6c3db;\" valign=\"middle\">\n<td colspan=\"3\"><strong>&#8230; das Ordnungsamt<\/strong><\/td>\n<\/tr>\n<tr>\n<td colspan=\"3\">\u00a0<\/td>\n<\/tr>\n<tr style=\"height: 24px; background-color: #a6c3db;\" valign=\"middle\">\n<td style=\"background-image: url('none'); background-repeat: repeat; background-attachment: scroll; background-position: 0% 0%;\" colspan=\"3\" valign=\"middle\"><strong>&#8230; B\u00fcrgermeisterb\u00fcro<\/strong><\/td>\n<\/tr>\n<tr>\n<td colspan=\"3\">\u00a0<\/td>\n<\/tr>\n<tr style=\"height: 24px; background-color: #a6c3db;\" valign=\"middle\">\n<td style=\"background-image: url('none'); background-repeat: repeat; background-attachment: scroll; background-position: 0% 0%;\" colspan=\"3\" valign=\"middle\"><strong>&#8230; Stadtratsb\u00fcro<\/strong><\/td>\n<\/tr>\n<tr>\n<td colspan=\"3\">\u00a0<\/td>\n<\/tr>\n<tr>\n<td colspan=\"3\">\u00a0<\/td>\n<\/tr>\n<tr style=\"height: 24px; background-color: #a6c3db;\" valign=\"middle\">\n<td style=\"background-image: url('none'); background-repeat: repeat; background-attachment: scroll; background-position: 0% 0%;\" colspan=\"3\" valign=\"middle\"><strong>Die Agentur f\u00fcr Arbeit<\/strong><\/td>\n<\/tr>\n<tr>\n<td colspan=\"3\">\u00a0<\/td>\n<\/tr>\n<tr>\n<td>&nbsp;<\/td>\n<td>&nbsp;<\/td>\n<td>&nbsp;<\/td>\n<\/tr>\n<\/tbody>\n<\/table>\n","protected":false},"excerpt":{"rendered":"<p>Beh\u00f6rden in Wuselkusen \u00a0 Eine Stadt wie Wuselkusen ben\u00f6tigt neben flei\u00dfigen Handwerkern und Unternehmen auch Beh\u00f6rden, die das Leben in einer Stadt wie Wuselkusen gestalten. Dies sind Hoheitliche Aufgaben, z.B. die Stadtentwicklung oder die Gestaltung von \u00f6ffentlichen Pl\u00e4tzen, Spielpl\u00e4tze, Kinderg\u00e4rten, Schulen, Sauberkeit, Feuerwehr, Rettungsdienste, Soziales, Kultur und vieles mehr. Sie sind also zust\u00e4ndige\u00a0f\u00fcr alles\u00a0was so [&hellip;]<\/p>\n","protected":false},"author":1,"featured_media":0,"parent":0,"menu_order":0,"comment_status":"closed","ping_status":"closed","template":"","meta":{"footnotes":""},"class_list":["post-415","page","type-page","status-publish","hentry"],"_links":{"self":[{"href":"https:\/\/wuselkusen.de\/index.php?rest_route=\/wp\/v2\/pages\/415","targetHints":{"allow":["GET"]}}],"collection":[{"href":"https:\/\/wuselkusen.de\/index.php?rest_route=\/wp\/v2\/pages"}],"about":[{"href":"https:\/\/wuselkusen.de\/index.php?rest_route=\/wp\/v2\/types\/page"}],"author":[{"embeddable":true,"href":"https:\/\/wuselkusen.de\/index.php?rest_route=\/wp\/v2\/users\/1"}],"replies":[{"embeddable":true,"href":"https:\/\/wuselkusen.de\/index.php?rest_route=%2Fwp%2Fv2%2Fcomments&post=415"}],"version-history":[{"count":2,"href":"https:\/\/wuselkusen.de\/index.php?rest_route=\/wp\/v2\/pages\/415\/revisions"}],"predecessor-version":[{"id":418,"href":"https:\/\/wuselkusen.de\/index.php?rest_route=\/wp\/v2\/pages\/415\/revisions\/418"}],"wp:attachment":[{"href":"https:\/\/wuselkusen.de\/index.php?rest_route=%2Fwp%2Fv2%2Fmedia&parent=415"}],"curies":[{"name":"wp","href":"https:\/\/api.w.org\/{rel}","templated":true}]}}